{"id":11022,"date":"2025-06-13T21:29:20","date_gmt":"2025-06-13T21:29:20","guid":{"rendered":"https:\/\/www.serapdemirag.com.tr\/?page_id=11022"},"modified":"2025-06-16T21:16:12","modified_gmt":"2025-06-16T21:16:12","slug":"siirleri","status":"publish","type":"page","link":"https:\/\/www.serapdemirag.com.tr\/?page_id=11022","title":{"rendered":"\u015eiirleri"},"content":{"rendered":"<div class=\"wpb-content-wrapper\"><p>[vc_row][vc_column][vc_empty_space height=&#8221;120&#8243;][\/vc_column][\/vc_row][vc_row][vc_column width=&#8221;2\/6&#8243;][vc_single_image image=&#8221;11243&#8243; img_size=&#8221;full&#8221; css=&#8221;&#8221;][\/vc_column][vc_column width=&#8221;4\/6&#8243;]<section class='special_tabs text vertical'><div class='tab-selector col-xs-12 col-sm-3'><\/div><div class='tab-container col-xs-12 col-sm-9' style='margin-left:0px;'><\/div><div class='label 1'>\n<div class='carbon_icon_special_tabs'><i class='fa Defaults-road'><\/i><\/div>\n<div class='title'><a>Dost<\/a><\/div>\n<div class='divider-vertical-tabs'><\/div>\n<\/div>\n<div class='content 1'>\n[vc_row_inner][vc_column_inner][vc_custom_heading text=&#8221;Dost&#8221; font_container=&#8221;tag:h2|text_align:left|color:%23DD3333&#8243; use_theme_fonts=&#8221;yes&#8221; css=&#8221;&#8221;][vc_column_text css=&#8221;&#8221;]Dostun yerini ne tutar?<br \/>\nHangi sevgili y\u00fcre\u011fiyle a\u011flar?<br \/>\nD\u00fc\u015f\u00fcnsene bir tanem<br \/>\nO yama\u00e7lar\u0131n arkas\u0131ndayken<\/p>\n<p>S\u00f6yler misin hangi g\u00fcne\u015f seninle do\u011far?<br \/>\nHangi g\u00fcne\u015f seninle batar?<br \/>\nSinmi\u015f insanlar g\u00f6lgelerin arkas\u0131na<br \/>\nDostluk sak\u0131z her birinin a\u011fz\u0131nda<\/p>\n<p>Se\u00e7 bakal\u0131m<br \/>\nHangisi seninle ko\u015far ovalarda?<br \/>\nBuz gibi sular \u00e7a\u011f\u0131ldar o nehirlerde<br \/>\nBerrakl\u0131\u011f\u0131n g\u00f6z kama\u015ft\u0131r\u0131r<\/p>\n<p>Dostun elleridir kavrayan<br \/>\nDostun kollar\u0131d\u0131r kucaklayan<br \/>\nKim so\u011futur ate\u015fi savruldu\u011funda r\u00fczgara?<br \/>\nSadece dosttur seni senden iyi saklayan.[\/vc_column_text][\/vc_column_inner][\/vc_row_inner]<\/p>\n<\/div>\n<div class='label 2'>\n<div class='carbon_icon_special_tabs'><i class='fa fa-adjust'><\/i><\/div>\n<div class='title'><a>Kendin Ol<\/a><\/div>\n<div class='divider-vertical-tabs'><\/div>\n<\/div>\n<div class='content 2'>\n[vc_row_inner][vc_column_inner][vc_custom_heading text=&#8221;Kendin Ol&#8221; font_container=&#8221;tag:h2|text_align:left|color:%23DD3333&#8243; use_theme_fonts=&#8221;yes&#8221; css=&#8221;&#8221;][vc_column_text css=&#8221;&#8221;]Ki\u015fi kendisi gibi bilir herkesi,<\/p>\n<p>Ne yap\u0131yorsa o yap\u0131l\u0131yor san\u0131r,<br \/>\nNereye bakarsa baks\u0131n g\u00f6rd\u00fc\u011f\u00fc,<br \/>\nAlg\u0131layabildi\u011fi kadard\u0131r.<\/p>\n<p>Sen seni tan\u0131rs\u0131n e\u011fer tan\u0131yabildiysen,<br \/>\n\u0130\u00e7 yolculuklar \u00e7ok zordur bazen.<br \/>\nNereye \u00e7evirirsen \u00e7evir ba\u015f\u0131n\u0131,<br \/>\nBakar k\u00f6rs\u00fcn ezelden.<\/p>\n<p>Bana \u00f6zg\u00fc de\u011fil yetinmezlik,<br \/>\nBi\u00e7im de\u011fi\u015ftirmi\u015f,sahtelik,<br \/>\n\u0130nsano\u011flu nank\u00f6rd\u00fcr,<br \/>\nNice s\u00f6zler kokar sefillik.<\/p>\n<p>Uzatt\u0131\u011f\u0131m ellerin geri itilmesi beni \u00fczen,<br \/>\nSesleni\u015flerim, \u015fu tepelerden d\u00fc\u015fen,<br \/>\nKar\u015f\u0131 kald\u0131r\u0131mdan bakan y\u00fcz kimin?<br \/>\nNe zamand\u0131r a\u011fl\u0131yorum ben?<\/p>\n<p>Bir \u00f6yk\u00fc ya\u015famad\u0131m yeniden,<br \/>\nBir sevdaya kanatland\u0131m aniden.<br \/>\nYine de \u00e7ok ac\u0131d\u0131,incindi i\u00e7im,<br \/>\nBir daha inanmayaca\u011f\u0131m derken.<\/p>\n<p>Gecem art\u0131k s\u00f6ze doydu.<br \/>\nS\u00f6z oldu,g\u00f6z oldu,yok oldu.<br \/>\nR\u00fczgar anaforland\u0131 i\u00e7imde,<br \/>\nKum oldu sevda ,avu\u00e7lar\u0131mdan savruldu..<\/p>\n<p>Buldu\u011fum anda kaybetti\u011fim onca insan nerede?<br \/>\nBelki her biri kendi yerinde<br \/>\nGidene neden \u00fcz\u00fclmedim hi\u00e7?<br \/>\nYine de bir h\u00fcz\u00fcn var i\u00e7imde \u015fimdilerde.<\/p>\n<p>Sar\u0131lar\u0131m, mavilerim, ye\u015fillerim,<br \/>\nHepsi orada,hepsi benim paletim.<br \/>\nBen seviyorum sevmeyi,<br \/>\nBu d\u00fcnya benim evim.<\/p>\n<p>K\u0131nanmalar olmas\u0131n,<br \/>\nKimse kimseyi hafife almas\u0131n.<br \/>\nE\u011fer biz denilemiyorsa,<br \/>\nKimse ya\u015fad\u0131m sanmas\u0131n.[\/vc_column_text][\/vc_column_inner][\/vc_row_inner]<\/p>\n<\/div>\n<div class='label 3'>\n<div class='carbon_icon_special_tabs'><i class='fa fa-adjust'><\/i><\/div>\n<div class='title'><a>Turlama<\/a><\/div>\n<div class='divider-vertical-tabs'><\/div>\n<\/div>\n<div class='content 3'>\n[vc_row_inner][vc_column_inner][vc_custom_heading text=&#8221;Turlama&#8221; font_container=&#8221;tag:h2|text_align:left|color:%23DD3333&#8243; use_theme_fonts=&#8221;yes&#8221; css=&#8221;&#8221;][vc_column_text css=&#8221;&#8221;]Ba\u015fkalar\u0131n\u0131n s\u00f6yledi\u011fi \u015fark\u0131ya tempo tutarsan,<br \/>\nEllerini hep onlar\u0131n h\u0131z\u0131na g\u00f6re \u00e7\u0131rpars\u0131n<br \/>\nHerkesin s\u00f6yledi\u011fini diline dolarsan<br \/>\nYa\u015fam\u0131 onlar\u0131n yalanlar\u0131yla turlars\u0131n.<\/p>\n<p>E\u011fer kendin olamazsan<br \/>\nKim senin yerine ge\u00e7er de sen olur san\u0131rs\u0131n?<br \/>\nNefes nefes kal\u0131ncaya kadar ko\u015fturur durursun<br \/>\nSadece kendin i\u00e7in mi solursun?<\/p>\n<p>Bakar m\u0131s\u0131n ellerine,<br \/>\nBir de benzemez parmak izine<br \/>\nBu ya\u015fam\u0131n arma\u011fanlar\u0131n\u0131 g\u00f6rmez de,<br \/>\nKalabal\u0131k bulursun.<\/p>\n<p>\u00c7o\u011falmak sevmektir<br \/>\nSevmektir ve kar\u015f\u0131l\u0131ks\u0131z vermektir<br \/>\n\u00c7o\u011falmak demek do\u011furmak de\u011fil,<br \/>\nYa\u015fam\u0131n amac\u0131 \u00fcretmektir.[\/vc_column_text][\/vc_column_inner][\/vc_row_inner]<\/p>\n<\/div>\n<div class='label 4'>\n<div class='carbon_icon_special_tabs'><i class='fa fa-adjust'><\/i><\/div>\n<div class='title'><a>Ya\u015famdan Beslenirim<\/a><\/div>\n<div class='divider-vertical-tabs'><\/div>\n<\/div>\n<div class='content 4'>\n[vc_row_inner][vc_column_inner][vc_custom_heading text=&#8221;Ya\u015famdan Beslenirim&#8221; font_container=&#8221;tag:h2|text_align:left|color:%23DD3333&#8243; use_theme_fonts=&#8221;yes&#8221; css=&#8221;&#8221;][vc_column_text css=&#8221;&#8221;]Ben ressam\u0131m,<br \/>\nBen \u015fairim,<br \/>\nYa\u015fam beni besler,<br \/>\nBen ya\u015famla beslenirim.<\/p>\n<p>Ac\u0131km\u0131\u015f ku\u015flar var penceremde,<br \/>\nR\u00fczgar f\u0131s\u0131ldar o derinlerde,<br \/>\nKar taneleri erirken tenimde,<br \/>\nUzat\u0131r elimi, \u00fcrperirim.<\/p>\n<p>Duymazlar ki sesimi,<br \/>\n\u00c7\u0131\u011fl\u0131klar ezer i\u00e7imi,<br \/>\nHer nefesimde durmadan,<br \/>\nO \u00e7aresizli\u011fi i\u00e7erim.<\/p>\n<p>Baksana ne a\u015fklar var geride,<br \/>\nNe de yaz\u0131lanlar defterde,<br \/>\nYine de, izi kalmaz diyenlere,<br \/>\nG\u00fcler ge\u00e7erim.<\/p>\n<p>Tozlanm\u0131\u015f raflarda duranlar ne?<br \/>\nHepimizden par\u00e7a yok mu i\u00e7lerinde?<br \/>\nYa\u015fam denilen o sahnede,<br \/>\nDi\u011ferlerine ters d\u00f6nerim..<\/p>\n<p>Bu d\u00fcnyaya yabanc\u0131 geldim,<br \/>\nYabanc\u0131 gidece\u011fim.<br \/>\nNe \u00e7\u00f6zd\u00fcler \u015fimdiye kadar,<br \/>\nNe de d\u00fc\u011f\u00fcmleri att\u0131lar,<br \/>\nBir bilmece bu, k\u00f6rd\u00fc\u011f\u00fcm i\u00e7im.<\/p>\n<p>Renk oldu insan, \u015fekil oldu, harf oldu,<br \/>\nEvren oydu, o evren oldu,<br \/>\nG\u00fcl\u00fcmsedi ans\u0131z\u0131n bana,<br \/>\nB\u00fcy\u00fcyen, geni\u015fleyen yolum oldu.<\/p>\n<p>Ben ressam\u0131m, ben \u015fairim,<br \/>\nBenim g\u00fcne\u015fim, paletim.<br \/>\nNe aleme s\u0131\u011fd\u0131m ben,<br \/>\nNe alem d\u0131\u015f\u0131mda benim,[\/vc_column_text][\/vc_column_inner][\/vc_row_inner]<\/p>\n<\/div>\n<div class='label 5'>\n<div class='carbon_icon_special_tabs'><i class='fa fa-adjust'><\/i><\/div>\n<div class='title'><a>Yenilenmez<\/a><\/div>\n<div class='divider-vertical-tabs'><\/div>\n<\/div>\n<div class='content 5'>\n[vc_row_inner][vc_column_inner][vc_custom_heading text=&#8221;Yenilenmez&#8221; font_container=&#8221;tag:h2|text_align:left|color:%23DD3333&#8243; use_theme_fonts=&#8221;yes&#8221; css=&#8221;&#8221;][vc_column_text css=&#8221;&#8221;]Ba\u015ftan ba\u015flamak olmaz hi\u00e7 bir zaman.<br \/>\nYenilenmez ki ya\u015fam.<br \/>\nKim d\u00f6nebilmi\u015f harcanan y\u0131llara,<br \/>\nSabah ba\u015fka, \u015fimdi bir ba\u015fka ak\u015fam.<\/p>\n<p>Bir tutam umut var elimizde,<br \/>\nSevgiye dair her \u015fey biziz,sevgi bizde.<br \/>\nNe nehirler duruldu ne de yoruldu a\u011fa\u00e7lar,<br \/>\n\u00c7i\u00e7ekler bi\u00e7imlendi,derlendi i\u00e7imizde.<\/p>\n<p>Desen tende imzaland\u0131,<br \/>\nHayallerimizle harmanland\u0131.<br \/>\nBir ba\u011f bozumu oldu ya\u015fanan,<br \/>\nKimse ne oldu\u011funu sormad\u0131.<\/p>\n<p>Anlamad\u0131m, neden korkular ?<br \/>\nNedir bu sa\u011fa sola ko\u015fu\u015fmalar?<br \/>\nBir kaos ya\u015fan\u0131yor \u015fimdilerde.<br \/>\nAyr\u0131l\u0131klara i\u00e7iliyor \u015faraplar.<\/p>\n<p>Ya\u015fam hafifliyor do\u011fru,hele ge\u00e7ilince \u00f6l\u00fcmler,<br \/>\nDayanamamak hikaye,hikaye \u00fcz\u00fclmeler.<br \/>\n\u0130nsan bu her \u015feye al\u0131\u015f\u0131p,susar,<br \/>\nBir d\u00fc\u015f\u00fcn\u00fcn, neler neler terkedildiler.<\/p>\n<p>Nereye y\u00fcr\u00fcd\u00fc\u011f\u00fcn\u00fc bilmezsen ne yarar\u0131 var?<br \/>\n\u00c7ekmezsen o havay\u0131 ci\u011ferlerine eser mi yar?<br \/>\nBulu\u015fmalara tan\u0131k y\u00fcrekleri g\u00f6zle de g\u00f6r,<br \/>\nSorup durma da bak,kim bu konuklar?<\/p>\n<p>Ah, bu ovada kurulan \u00e7ad\u0131rlar,<br \/>\nNe bah\u00e7e var parmakl\u0131kl\u0131, ne de o bah\u00e7ede a\u011fa\u00e7lar.<br \/>\nSa\u011f\u0131m duman,solum duman,<br \/>\nHerkes haz\u0131r gitmeye kalanlar sadece \u00e7ocuklar.<\/p>\n<p>Ac\u0131lar yumak yumak \u015fimdi.<br \/>\nNerede umutlar? Kim,neye kenetlendi?<br \/>\nBu kadar zor mu birbirini kucaklamak?<br \/>\nNeden bu d\u00fcnyada hep sevgi elendi?<\/p>\n<p>Kulaklar t\u0131kand\u0131 o h\u0131\u00e7k\u0131r\u0131klara,<br \/>\nYabanc\u0131 kald\u0131k kucaklamalara.<br \/>\nNe s\u00f6z kald\u0131 ne bir \u015fark\u0131 s\u00f6ylenen,<br \/>\nKorkuyla bakan g\u00f6zler var art\u0131k ufuklara.<\/p>\n<p>Nerede gordiyom, nerede \u00e7a\u011f\u0131n iskenderi?<br \/>\nO k\u0131l\u0131\u00e7lar nerede? Kim kesecek d\u00fc\u011f\u00fcmleri?<br \/>\nBunca bayrak bunca mar\u015f dola\u015f\u0131yor dillerde<br \/>\nNeden kimse kald\u0131ram\u0131yor engelleri?<\/p>\n<p>Nereye d\u00fcnya nereye?<br \/>\nHangi t\u00fcrk\u00fcleri s\u00f6yleyeceksin seneye?<br \/>\nMutlu ol toprak yine dolacak ba\u011fr\u0131n,<br \/>\nBunca insan varken s\u0131rt\u0131n\u0131 d\u00f6nen sevgiye \u2026.[\/vc_column_text][\/vc_column_inner][\/vc_row_inner]<\/p>\n<\/div>\n<div class='label 6'>\n<div class='carbon_icon_special_tabs'><i class='fa fa-adjust'><\/i><\/div>\n<div class='title'><a>Do\u011fmak<\/a><\/div>\n<div class='divider-vertical-tabs'><\/div>\n<\/div>\n<div class='content 6'>\n[vc_row_inner][vc_column_inner][vc_custom_heading text=&#8221;Do\u011fmak&#8221; font_container=&#8221;tag:h2|text_align:left|color:%23DD3333&#8243; use_theme_fonts=&#8221;yes&#8221; css=&#8221;&#8221;][vc_column_text css=&#8221;&#8221;]Do\u011fmak her seferinde yeniden,<br \/>\nYeni de\u011fil asl\u0131nda o eskilerden,<br \/>\nYeni olan \u00f6l\u00fcmd\u00fcr vadimde,<br \/>\nO eski \u00f6zlem akar g\u00f6zlerimden.<\/p>\n<p>Her sabah yeniden do\u011far g\u00fcne\u015fim,<br \/>\nHer sabah yenilenir ate\u015fim,<br \/>\nEski olan ne varsa d\u00fcne dair,<br \/>\nYenilenir\u00a0 ovamda, ye\u015fillenirim.<\/p>\n<p>Susad\u0131\u011f\u0131m o g\u00fczellik,<br \/>\nSar\u0131ld\u0131\u011f\u0131m derinlik,<br \/>\nH\u00fccrelerimden f\u0131\u015fk\u0131r\u0131yor her an,<br \/>\nSemalardaki mavilik.<\/p>\n<p>Yine bak\u0131yorum bir do\u011fuma,<br \/>\nTan\u0131\u011f\u0131m her an\u00a0 do\u011fama,<br \/>\nBen zavall\u0131 bir insan olarak ya\u015farken,<br \/>\nHer an dolmakta sonsuzluk ruhuma.<\/p>\n<p>Bir virg\u00fcl de\u011filim,<br \/>\nNokta da koyamam ya\u015fama,<br \/>\nYenilenmektir g\u00fczel olan,<br \/>\nYeniden do\u011fmak g\u00fczeldir her ana..[\/vc_column_text][\/vc_column_inner][\/vc_row_inner]<\/p>\n<\/div>\n<\/section>[\/vc_column][\/vc_row][vc_row][vc_column][vc_empty_space][vc_separator color=&#8221;black&#8221; style=&#8221;shadow&#8221; border_width=&#8221;2&#8243; css=&#8221;&#8221;][\/vc_column][\/vc_row]<\/p>\n<\/div>","protected":false},"excerpt":{"rendered":"<p>[vc_row][vc_column][vc_empty_space height=&#8221;120&#8243;][\/vc_column][\/vc_row][vc_row][vc_column width=&#8221;2\/6&#8243;][vc_single_image image=&#8221;11243&#8243; img_size=&#8221;full&#8221; css=&#8221;&#8221;][\/vc_column][vc_column width=&#8221;4\/6&#8243;][\/vc_column][\/vc_row][vc_row][vc_column][vc_empty_space][vc_separator color=&#8221;black&#8221; style=&#8221;shadow&#8221; border_width=&#8221;2&#8243; css=&#8221;&#8221;][\/vc_column][\/vc_row]<\/p>\n","protected":false},"author":1,"featured_media":0,"parent":0,"menu_order":0,"comment_status":"closed","ping_status":"closed","template":"page.php","meta":{"footnotes":""},"class_list":["post-11022","page","type-page","status-publish","hentry"],"_links":{"self":[{"href":"https:\/\/www.serapdemirag.com.tr\/index.php?rest_route=\/wp\/v2\/pages\/11022","targetHints":{"allow":["GET"]}}],"collection":[{"href":"https:\/\/www.serapdemirag.com.tr\/index.php?rest_route=\/wp\/v2\/pages"}],"about":[{"href":"https:\/\/www.serapdemirag.com.tr\/index.php?rest_route=\/wp\/v2\/types\/page"}],"author":[{"embeddable":true,"href":"https:\/\/www.serapdemirag.com.tr\/index.php?rest_route=\/wp\/v2\/users\/1"}],"replies":[{"embeddable":true,"href":"https:\/\/www.serapdemirag.com.tr\/index.php?rest_route=%2Fwp%2Fv2%2Fcomments&post=11022"}],"version-history":[{"count":19,"href":"https:\/\/www.serapdemirag.com.tr\/index.php?rest_route=\/wp\/v2\/pages\/11022\/revisions"}],"predecessor-version":[{"id":11562,"href":"https:\/\/www.serapdemirag.com.tr\/index.php?rest_route=\/wp\/v2\/pages\/11022\/revisions\/11562"}],"wp:attachment":[{"href":"https:\/\/www.serapdemirag.com.tr\/index.php?rest_route=%2Fwp%2Fv2%2Fmedia&parent=11022"}],"curies":[{"name":"wp","href":"https:\/\/api.w.org\/{rel}","templated":true}]}}