{"id":11191,"date":"2025-06-14T07:25:46","date_gmt":"2025-06-14T07:25:46","guid":{"rendered":"https:\/\/www.serapdemirag.com.tr\/?page_id=11191"},"modified":"2025-06-16T20:59:56","modified_gmt":"2025-06-16T20:59:56","slug":"ozgur-olmak","status":"publish","type":"page","link":"https:\/\/www.serapdemirag.com.tr\/?page_id=11191","title":{"rendered":"\u00d6zg\u00fcr Olmak"},"content":{"rendered":"<div class=\"wpb-content-wrapper\"><p>[vc_row][vc_column][vc_empty_space height=&#8221;120&#8243;][vc_custom_heading text=&#8221;\u00d6zg\u00fcr Olmak&#8221; font_container=&#8221;tag:h2|text_align:left|color:%23DD3333&#8243; use_theme_fonts=&#8221;yes&#8221; css=&#8221;&#8221;][vc_empty_space height=&#8221;10&#8243;][vc_row_inner][vc_column_inner width=&#8221;1\/3&#8243;][vc_single_image image=&#8221;11192&#8243; img_size=&#8221;Full&#8221; css=&#8221;&#8221;][\/vc_column_inner][vc_column_inner width=&#8221;2\/3&#8243;][vc_column_text css=&#8221;&#8221;]Bir ki\u015finin yarat\u0131c\u0131 olmas\u0131 i\u00e7in\u00a0 belli bir d\u00fczeyde zek\u00e2 seviyesine sahip olmas\u0131 gerekmektedir.<\/p>\n<p>Duygusal zek\u00e2 seviyesinin y\u00fcksekli\u011fi, \u00f6rnek ald\u0131\u011f\u0131 ki\u015fi ya da objeyle ilintilidir. Yap\u0131c\u0131 ve \u00fcretici olmas\u0131\u00a0 d\u00fc\u015f\u00fcnce yetene\u011fi ve\u00a0 \u00e7evresi, ayr\u0131ca ya\u015fam ko\u015fullar\u0131n\u0131n\u00a0da belirleyicisidir. De\u011ferlendirece\u011fi \u015fekiller, kendisinde yerle\u015fik duruma ge\u00e7en e\u011fitimle uygulamaya ge\u00e7erek, ger\u00e7ekten de de\u011ferli bir eylemde bulunmu\u015f olur. Yarat\u0131c\u0131l\u0131\u011f\u0131 geli\u015ftiren sanat e\u011fitiminde belli bir s\u00fcre etkile\u015fimini s\u00fcrd\u00fcren resim yapan ki\u015fi, a\u015fmas\u0131 gereken s\u00fcrede, kendi yap\u0131s\u0131n\u0131 ortaya koyarak, etkilendi\u011fi ki\u015fi ya da \u00e7evrenin \u00f6tesine ge\u00e7meyi, kendisi olmay\u0131 becerebilmelidir.<\/p>\n<p>Resimleri hala bir ba\u015fkas\u0131n\u0131n resimlerini \u00e7a\u011fr\u0131\u015ft\u0131r\u0131yor, \u00f6zellikle sanatseverlerin kafas\u0131n\u0131 kar\u0131\u015ft\u0131r\u0131yorsa bir yerlerde hata var demektir. \u00c7\u00fcnk\u00fc resim, resim yapan\u0131n imzas\u0131 haline d\u00f6n\u00fc\u015fmeden, resim yapan sanat\u00e7\u0131 de\u011fildir. Ku\u015fkusuz onu da \u00f6rnek alarak, kopyalayacak ya da etkilenecek ki\u015fi ya da ki\u015filer olacakt\u0131r. Ama bu s\u00fcre\u00e7 her kes\u00a0 farkl\u0131 olsa da, belli zaman i\u00e7inde a\u015f\u0131lmas\u0131 gereken bir s\u00fcre\u00e7tir.<\/p>\n<p>G\u00fcn\u00fcm\u00fcz insan\u0131 i\u00e7i bo\u015falt\u0131lm\u0131\u015f unsurlardan uzakla\u015fmaktad\u0131r art\u0131k. Yoksa bir ba\u015fkas\u0131n\u0131n g\u00f6lgesinde kalmaya mahk\u00fbm hale gelir. Plastik sanatlar, bu nedenle d\u00fcnyay\u0131\u00a0 t\u00fcm \u00e7e\u015fitlili\u011fi ile g\u00f6rmemizi sa\u011flar.<br \/>\nSesini duyurmaya \u00e7al\u0131\u015fan bir m\u00fczisyenin t\u00fcm yararland\u0131\u011f\u0131 yedi notad\u0131r. Ve bu yedi nota\u00a0 da herkes ayn\u0131 gam\u0131 kullansa da melodiler de\u011fi\u015fiktir. Kullan\u0131lan enstr\u00fcmanlar farkl\u0131d\u0131r. Ayn\u0131 keman\u0131 y\u00fczlerce ki\u015fi \u00e7alar ama bir paganini ya da mae west \u00e7ald\u0131\u011f\u0131nda hemen anlars\u0131n\u0131z. Bir piyanoyu\u00a0 Richard Clayderman m\u0131 yoksa Faz\u0131l Say m\u0131 \u00e7ald\u0131 bilirsiniz. Bestelerden s\u00f6z bile etmiyorum.<\/p>\n<p>Hen\u00fcz okyanuslardaki canl\u0131lar\u0131n % 20 sini bulabilen insano\u011flunun sanatta her \u015feyi bildi\u011fini varsaymak safdilliktir.[\/vc_column_text][\/vc_column_inner][\/vc_row_inner][vc_empty_space][vc_separator color=&#8221;black&#8221; style=&#8221;shadow&#8221; border_width=&#8221;3&#8243; css=&#8221;&#8221;][\/vc_column][\/vc_row]<\/p>\n<\/div>","protected":false},"excerpt":{"rendered":"<p>[vc_row][vc_column][vc_empty_space height=&#8221;120&#8243;][vc_custom_heading text=&#8221;\u00d6zg\u00fcr Olmak&#8221; font_container=&#8221;tag:h2|text_align:left|color:%23DD3333&#8243; use_theme_fonts=&#8221;yes&#8221; css=&#8221;&#8221;][vc_empty_space height=&#8221;10&#8243;][vc_row_inner][vc_column_inner width=&#8221;1\/3&#8243;][vc_single_image image=&#8221;11192&#8243; img_size=&#8221;Full&#8221; css=&#8221;&#8221;][\/vc_column_inner][vc_column_inner width=&#8221;2\/3&#8243;][vc_column_text css=&#8221;&#8221;]Bir ki\u015finin yarat\u0131c\u0131 olmas\u0131 i\u00e7in\u00a0 belli bir d\u00fczeyde zek\u00e2 seviyesine sahip olmas\u0131 gerekmektedir. Duygusal zek\u00e2 seviyesinin y\u00fcksekli\u011fi, \u00f6rnek ald\u0131\u011f\u0131 ki\u015fi ya da objeyle ilintilidir. Yap\u0131c\u0131 ve \u00fcretici olmas\u0131\u00a0 d\u00fc\u015f\u00fcnce yetene\u011fi ve\u00a0 \u00e7evresi, ayr\u0131ca ya\u015fam ko\u015fullar\u0131n\u0131n\u00a0da belirleyicisidir. De\u011ferlendirece\u011fi \u015fekiller, kendisinde yerle\u015fik duruma ge\u00e7en [&hellip;]<\/p>\n","protected":false},"author":1,"featured_media":0,"parent":0,"menu_order":0,"comment_status":"closed","ping_status":"closed","template":"page.php","meta":{"footnotes":""},"class_list":["post-11191","page","type-page","status-publish","hentry"],"_links":{"self":[{"href":"https:\/\/www.serapdemirag.com.tr\/index.php?rest_route=\/wp\/v2\/pages\/11191","targetHints":{"allow":["GET"]}}],"collection":[{"href":"https:\/\/www.serapdemirag.com.tr\/index.php?rest_route=\/wp\/v2\/pages"}],"about":[{"href":"https:\/\/www.serapdemirag.com.tr\/index.php?rest_route=\/wp\/v2\/types\/page"}],"author":[{"embeddable":true,"href":"https:\/\/www.serapdemirag.com.tr\/index.php?rest_route=\/wp\/v2\/users\/1"}],"replies":[{"embeddable":true,"href":"https:\/\/www.serapdemirag.com.tr\/index.php?rest_route=%2Fwp%2Fv2%2Fcomments&post=11191"}],"version-history":[{"count":5,"href":"https:\/\/www.serapdemirag.com.tr\/index.php?rest_route=\/wp\/v2\/pages\/11191\/revisions"}],"predecessor-version":[{"id":11551,"href":"https:\/\/www.serapdemirag.com.tr\/index.php?rest_route=\/wp\/v2\/pages\/11191\/revisions\/11551"}],"wp:attachment":[{"href":"https:\/\/www.serapdemirag.com.tr\/index.php?rest_route=%2Fwp%2Fv2%2Fmedia&parent=11191"}],"curies":[{"name":"wp","href":"https:\/\/api.w.org\/{rel}","templated":true}]}}